n 269 is divided by v.
35
Suppose p - 12 - 14 = 0. Calculate the remainder when 129 is divided by p.
25
Let l = -19 + 24. Suppose -l*t + 59 - 14 = 0. Let j(b) = 5*b**2 + 4*b. Calculate the remainder when j(-3) is divided by t.
6
Let r = -10 + 10. Suppose 13 = -2*u + 4*g + 57, r = 3*g - 3. Calculate the remainder when u is divided by 13.
11
Let j = 21 + -19. Suppose -199 - 13 = -j*b. What is the remainder when b is divided by 18?
16
Let b be (2/(-1) - 1)/(-1) - 85. Let j = 141 + b. What is the remainder when j is divided by 12?
11
Suppose -3*o - 5*f = -635, 905 = 4*o - 24*f + 19*f. What is the remainder when o is divided by 45?
40
Suppose -3*u = 3*b + 43 - 76, 4*u - 3*b - 58 = 0. What is the remainder when 209 is divided by u?
1
Let i(j) = -29*j + 10. Let r(f) = 14*f - 5. Let w(m) = -6*i(m) - 13*r(m). Let a = 97 + -87. What is the remainder when w(-4) is divided by a?
7
Let k(t) = 61*t + 2. Let y be k(1). Suppose -5*d + y = -67. What is the remainder when 50 is divided by d?
24
What is the remainder when (-1294)/(-3)*(51/6 - 7) is divided by 11?
9
Let g = -98 - -103. What is the remainder when (-420)/(-11) - ((-20)/(-22))/g is divided by 20?
18
Suppose -15*a - 19 = -49. Suppose c = w + 2, -3*w = 2*c - 6*w. Calculate the remainder when c is divided by a.
0
Let f be ((-3)/2)/(36/(-120)) - -2. What is the remainder when 50 is divided by 12/f*21/2?
14
Suppose -4*a - 5*o = -3013, 4*a + 11*o - 8*o - 3019 = 0. What is the remainder when a is divided by 40?
37
Suppose 3*f - 2*f = 214. Let j = -132 + f. Suppose h - w - w = 14, -5*h + 4*w = -j. What is the remainder when 51 is divided by h?
15
Let y = 281 + -41. What is the remainder when y is divided by 81?
78
Suppose -8*z + 22*z = 3500. Calculate the remainder when z is divided by 15.
10
Suppose 0 = 15*t - 0*t - 150. Let s be ((-32)/(-10))/((-4)/(-40)). Suppose s = j - 5. What is the remainder when j is divided by t?
7
Suppose -b - b + 3*u = 35, -65 = 5*b - 3*u. Calculate the remainder when b/(-4)*438/15 is divided by 25.
23
Let j(i) = -i - 3. Let t be j(-7). Suppose -5*a + 53 = w - 22, -4*w + 44 = t*a. Suppose 82 = 6*x + a. Calculate the remainder when 54 is divided by x.
10
Suppose -9*p = -5*p - 72. What is the remainder when 87 is divided by p?
15
Let d(r) be the third derivative of 0*r + 5*r**2 - 1/60*r**5 + 22/3*r**3 + 0 - 1/24*r**4. Calculate the remainder when d(0) is divided by 23.
21
Let k = 47 + -37. Suppose 3*s = -18 + 3. Let v = -1 - s. Calculate the remainder when k is divided by v.
2
Suppose -99 = 3*a + 120. Let n = a + 98. Calculate the remainder when 41 is divided by n.
16
Suppose 2*r + 0*r + 3*z - 43 = 0, 3*r + 2*z = 52. Let k(h) = h**3 + 33*h**2 - 33*h + 38. What is the remainder when r is divided by k(-34)?
2
Suppose -91 = -2*c - 5*c. What is the remainder when 582 is divided by c?
10
Suppose -29*s + 1200 = s. Suppose -4*o = 2*c - 72 - 28, -3*o + 5*c = -49. Calculate the remainder when s is divided by o.
17
Let t(q) = 7*q + 0*q**2 - q**2 - 3 + 2*q**2. Let w = 31 - 14. Calculate the remainder when w is divided by t(-8).
2
Let z(c) = 2*c**3 + 2*c**2 - 3*c. Let i be 1/4 - 14/(-8). Let f(n) = -7*n**2 - 120*n - 7. What is the remainder when z(i) is divided by f(-17)?
8
Let v be (-10)/25 - 24/(-10). Suppose -4*q - 4*c = -156, -q - c + 45 = -v*c. What is the remainder when q is divided by 15?
12
Suppose -3*k - 3*v + 48 = 0, -9*k = -11*k - 4*v + 30. What is the remainder when 26 is divided by k?
9
Let c = -1 - -29. Suppose n + 3*n - c = 0. What is the remainder when (5 - 4)/1*25 is divided by n?
4
Calculate the remainder when 256 is divided by 43/(-258) + (-2)/12*-7.
0
Let b(v) = 13*v - 19. Suppose 2*s = -3*s + 55. Calculate the remainder when b(3) is divided by s.
9
Calculate the remainder when (-8132)/(-95) + 4/10 is divided by 31.
24
Suppose 8*r - 139 = 3*r - 3*z, 4*z = 2*r - 66. What is the remainder when ((-4)/3)/(13/(13845/(-10))) is divided by r?
26
Suppose 0 = 18*q - 27*q + 387. What is the remainder when q is divided by 9?
7
Let h = 36 - 32. What is the remainder when -6 + 72 - (-1 + h) is divided by 32?
31
Let c = -420 - -485. Calculate the remainder when 521 is divided by c.
1
Let u(d) be the first derivative of 11*d**2/2 - 5*d - 16. What is the remainder when u(1) is divided by 6?
0
Let t(i) = i**2 - 19*i + 14. Let d be t(17). What is the remainder when 107 is divided by (-5)/(50/88)*d/8?
19
Let x(g) = g**3 - 2*g**2 + 2*g + 37. Suppose -3*l = l - 2*l. What is the remainder when x(l) is divided by 2/9 - 176/(-18)?
7
Let l(x) = -4*x + 3. Let b be l(2). Let h = -3 - b. Suppose t - 39 = -h*t. Calculate the remainder when 24 is divided by t.
11
Suppose 0 = 3*q + 4*z - 113 - 387, -5*z + 668 = 4*q. Suppose 39 = j - 8. What is the remainder when j is divided by q/14 - (-8)/(-28)?
11
Suppose -4*n = 2*s - 34, 2*s - 3*s - 4*n + 7 = 0. Let p(u) = 9*u**2 + 7*u + 3. Let l be p(-3). Let m = -48 + l. What is the remainder when s is divided by m?
12
Let t(i) = 4*i**3 - i**2 + 1. Let c be t(1). Suppose r = c + 12. Calculate the remainder when 23 is divided by (-2 - r)/(12/(-8)).
11
Calculate the remainder when -1 + (-18)/(-10) - 66144/(-195) is divided by 57.
55
Suppose -7*r + 6*r = -54. Suppose g - 7*g = -r. Calculate the remainder when 26 is divided by g.
8
Let i(c) = c - 1. Let h(p) = 8*p - 26. Let f(q) = -h(q) + 4*i(q). What is the remainder when f(0) is divided by 9?
4
Let g(h) = -h**2 - 5*h + 3. Let k be 1*7 + (2 - 7). Suppose 16 - 8 = k*j. Calculate the remainder when j is divided by g(-5).
1
Let b = 16 + 35. What is the remainder when 303 is divided by b?
48
Let y be -38*(-2 + 9/6)*2. Let g = y - 32. What is the remainder when 28 is divided by g?
4
Calculate the remainder when 75 is divided by ((-78)/24)/(2*3/(-24)).
10
Let y be 21/2*24/36. Suppose -3*x + 24 = x. What is the remainder when (-2)/y - (-144)/14 is divided by x?
4
Suppose -248*x + 253*x = 200. Calculate the remainder when 81 is divided by x.
1
Suppose -4*o + 3*b = 2*b - 80, -o + 20 = 2*b. Let r = 19277 - 19179. What is the remainder when r is divided by o?
18
Let s(o) = o**2 + 30*o + 233. Calculate the remainder when 97 is divided by s(-19).
1
Suppose 52 = -2*x + 74. What is the remainder when x is divided by 2?
1
Let r = 25 - 3. Suppose -19 = -4*z - a + 2*a, 5*z - 35 = -a. What is the remainder when r is divided by z?
4
Suppose 4*p = -2*k - 2*k - 24, -4*p - 3*k - 22 = 0. Let n = p - -35. Let m = -24 - -35. Calculate the remainder when n is divided by m.
9
Let s = 479 + -206. Suppose h + 12*h = s. Calculate the remainder when h is divided by 8.
5
Let k(c) = 4*c**2 + 7*c - 7. Let f(b) = -b**2. Let r(j) = -3*f(j) - k(j). What is the remainder when 64 is divided by r(-6)?
12
What is the remainder when 84 is divided by (-12)/(-21)*(-420)/(-8)?
24
Let s be (4 - 4)*(0 - 1). Let k = s - -3. Suppose 3*g - 46 + 31 = 0. What is the remainder when g is divided by k?
2
Suppose f - 57 = -4*a + 2, 5*f = 5*a + 220. What is the remainder when 131 is divided by f?
37
Suppose 547 = 5*j + 202. Calculate the remainder when j is divided by 43.
26
Let w = 14 - 8. Suppose -w - 10 = -4*s. Suppose -2615*f + 2611*f + 20 = 0. Calculate the remainder when f is divided by s.
1
Suppose 0 = 4*b - 230 + 46. Suppose 3*i + b = 2*s, -i + 21 = s - 2*i. Calculate the remainder when 67 is divided by s.
16
Suppose 5 - 7 = -2*g. Let l = -6 - -7. What is the remainder when g is divided by l?
0
Let b(h) = 5*h**2 + 3*h**2 - 2 + h - h**3 - 7*h. Let p be b(7). Let i(f) = 5*f - 12. Calculate the remainder when 25 is divided by i(p).
12
Let l be 0 + -2 - (-5 - 1). Suppose 70 = l*t - q - q, 80 = 4*t - 4*q. What is the remainder when 44 is divided by t?
14
Suppose 5*a - 223 = 157. What is the remainder when a is divided by 28?
20
Suppose -1179 = -34*j + 25*j. What is the remainder when j is divided by 34?
29
What is the remainder when (-54)/(-3 - 220/(-75)) is divided by 266?
12
Let n be (-2)/7 - 8748/(-42). Suppose -7*f + 2 = -n. Calculate the remainder when 119 is divided by f.
29
What is the remainder when -16*(-7 + -20 + -2) is divided by 118?
110
Let c = 12 - -7. What is the remainder when 1 + (2 + -9 - -75) is divided by c?
12
Let m = -32 + 52. Let n be 36/20 + (-2)/(-10). Suppose -n + 27 = d - 3*b, -2*b = -8. Calculate the remainder when d is divided by m.
17
Let